78?
3
What is the hundred thousands digit of 253374?
2
What is the hundreds digit of 6381100?
1
What is the tens digit of 27582?
8
What is the tens digit of 745332?
3
What is the tens digit of 1987894?
9
What is the thousands digit of 867586?
7
What is the millions digit of 24058979?
4
What is the hundred thousands digit of 830026?
8
What is the units digit of 35795?
5
What is the ten millions digit of 17743686?
1
What is the units digit of 1126026?
6
What is the tens digit of 146464?
6
What is the hundreds digit of 14229?
2
What is the thousands digit of 9650388?
0
What is the ten thousands digit of 178019?
7
What is the hundred thousands digit of 564186?
5
What is the hundred thousands digit of 247509?
2
What is the tens digit of 5376134?
3
What is the ten thousands digit of 2148205?
4
What is the millions digit of 1538481?
1
What is the tens digit of 2142809?
0
What is the thousands digit of 252218?
2
What is the thousands digit of 173513?
3
What is the thousands digit of 1567998?
7
What is the hundred thousands digit of 6003828?
0
What is the units digit of 2987567?
7
What is the thousands digit of 144970?
4
What is the thousands digit of 17153493?
3
What is the tens digit of 291270?
7
What is the thousands digit of 447814?
7
What is the hundreds digit of 22262998?
9
What is the thousands digit of 309441?
9
What is the hundreds digit of 92215?
2
What is the millions digit of 13147187?
3
What is the millions digit of 7250416?
7
What is the units digit of 3298307?
7
What is the hundreds digit of 9328169?
1
What is the units digit of 8104814?
4
What is the hundreds digit of 629619?
6
What is the units digit of 874639?
9
What is the ten thousands digit of 1274433?
7
What is the hundreds digit of 496826?
8
What is the units digit of 602170?
0
What is the units digit of 449963?
3
What is the ten thousands digit of 1122101?
2
What is the tens digit of 1125552?
5
What is the millions digit of 1228675?
1
What is the tens digit of 1696472?
7
What is the thousands digit of 790894?
0
What is the hundred thousands digit of 184990?
1
What is the millions digit of 2194556?
2
What is the millions digit of 3395904?
3
What is the ten thousands digit of 29957?
2
What is the thousands digit of 268873?
8
What is the hundred thousands digit of 174846?
1
What is the hundreds digit of 153815?
8
What is the thousands digit of 13454208?
4
What is the hundreds digit of 1486403?
4
What is the ten thousands digit of 235139?
3
What is the units digit of 992010?
0
What is the ten thousands digit of 787716?
8
What is the hundreds digit of 151977?
9
What is the hundreds digit of 62354?
3
What is the hundreds digit of 16167268?
2
What is the units digit of 2198539?
9
What is the hundred thousands digit of 4150779?
1
What is the units digit of 93225?
5
What is the ten thousands digit of 196223?
9
What is the hundred thousands digit of 6192491?
1
What is the ten thousands digit of 1478709?
7
What is the ten thousands digit of 8640106?
4
What is the thousands digit of 999557?
9
What is the thousands digit of 91464?
1
What is the thousands digit of 2423093?
3
What is the hundred thousands digit of 15440960?
4
What is the thousands digit of 2235033?
5
What is the hundreds digit of 6927947?
9
What is the hundreds digit of 331133?
1
What is the tens digit of 10282130?
3
What is the units digit of 574290?
0
What is the millions digit of 23045878?
3
What is the units digit of 5711508?
8
What is the thousands digit of 468659?
8
What is the hundreds digit of 601164?
1
What is the ten thousands digit of 2835299?
3
What is the hundred thousands digit of 2028199?
0
What is the hundreds digit of 792004?
0
What is the tens digit of 32215079?
7
What is the ten thousands digit of 125861?
2
What is the hundreds digit of 513080?
0
What is the thousands digit of 3028307?
8
What is the tens digit of 411045?
4
What is the tens digit of 198440?
4
What is the millions digit of 1072107?
1
What is the tens digit of 717437?
3
What is the hundreds digit of 627767?
7
What is the hundred thousands digit of 1226921?
2
What is the ten millions digit of 11964202?
1
What is the thousands digit of 2946452?
6
What is the hundred thousands digit of 3511314?
5
What is the tens digit of 638722?
2
What is the hundred thousands digit of 291004?
2
What is the hundreds digit of 16779681?
6
What is the tens digit of 5496?
9
What is the thousands digit of 10080713?
0
What is the tens digit of 36733145?
4
What is the units digit of 9938842?
2
What is the hundreds digit of 4990767?
7
What is the hundreds digit of 388054?
0
What is the hundreds digit of 80769?
7
What is the hundreds digit of 6118?
1
What is the tens digit of 1847353?
5
What is the ten thousands digit of 23729?
2
What is the tens digit of 6261611?
1
What is the millions digit of 21877011?
1
What is the tens digit of 580290?
9
What is the units digit of 7414718?
8
What is the tens digit of 580558?
5
What is the thousands digit of 742505?
2
What is the thousands digit of 56412?
6
What is the units digit of 21912?
2
What is the tens digit of 26221954?
5
What is the tens digit of 915132?
3
What is the thousands digit of 2328952?
8
What is the hundreds digit of 517150?
1
What is the hundred thousands digit of 284455?
2
What is the units digit of 1289032?
2
What is the tens digit of 2288419?
1
What is the thousands digit of 28663?
8
What is the tens digit of 624626?
2
What is the hundred thousands digit of 514118?
5
What is the units digit of 7916099?
9
What is the tens digit of 11188287?
8
What is the ten thousands digit of 19922975?
2
What is the hundred thousands digit of 9287178?
2
What is the millions digit of 1114864?
1
What is the hundreds digit of 508996?
9
What is the units digit of 1597057?
7
What is the tens digit of 239965?
6
What is the thousands digit of 8691442?
1
What is the tens digit of 75603?
0
What is the ten thousands digit of 109327?
0
What is the ten thousands digit of 744209?
4
What is the hundreds digit of 14446550?
5
What is the hundreds digit of 1470165?
1
What is the units digit of 835693?
3
What is the hundreds digit of 422106?
1
What is the units digit of 25002082?
2
What is the units digit of 55177?
7
What is the tens digit of 34349?
4
What is the thousands digit of 796174?
6
What is the tens digit of 1155439?
3
What is the millions digit of 2565830?
2
What is the tens digit of 615232?
3
What is the hundreds digit of 309976?
9
What is the ten thousands digit of 466972?
6
What is the hundreds digit of 471038?
0
What is the hundred thousands digit of 1191293?
1
What is the millions digit of 1606909?
1
What is the tens digit of 493030?
3
What is the hundred thousands digit of 1690206?
6
What is the hundred thousands digit of 813682?
8
What is the hundred thousands digit of 27718538?
7
What is the ten thousands digit of 3446378?
4
What is the thousands digit of 98431?
8
What is the tens digit of 1999669?
6
What is the hundred thousands digit of 122815?
1
What is the hundred thousands digit of 3432318?
4
What is the thousands digit of 595275?
5
What is the hundred thousands digit of 237926?
2
What is the thousands digit of 15731079?
1
What is the ten thousands digit of 7859513?
5
What is the units digit of 183244?
4
What is the units digit of 35429?
9
What is the units digit of 447886?
6
What is the thousands digit of 179112?
9
What is the units digit of 332238?
8
What is the hundred thousands digit of 385305?
3
What is the hundreds digit of 20835161?
1
What is the tens digit of 2626082?
8
What is the hundreds digit of 187673?
6
What is the hundred thousands digit of 110268?
1
What is the hundreds digit of 12535207?
2
What is the thousands digit of 723089?
3
What is the thousands digit of 117315?
7
What is the units digit of 293835?
5
What is the ten thousands digit of 2157829?
5
What is the hundred thousands digit of 3447789?
4
What is the tens digit of 197537?
3
What is the units digit of 16049315?
5
What is the tens digit of 40488?
8
What is the thousands digit of 923913?
3
What is the hundred thousands digit of 279904?
2
What is the hundred thousands digit of 371146?
3
What is the tens digit of 328287?
8
What is the units digit of 173286?
6
What is the thousands digit of 521884?
1
What is the hundred thousands digit of 2763333